 - b**4/6 - b**3/3 + 3*b**2/2 + 4*b. Let d be j(3). What is the greatest common divisor of 18 and d?
6
Let q(i) = i**2 - i - 4. Let s be q(4). Calculate the highest common divisor of 64 and s.
8
Let m(x) = x**3 - 7*x**2 + 7. Let b be m(7). Let l(d) = d - 4. Let v be l(7). Suppose -u = v*u - 28. Calculate the greatest common factor of b and u.
7
Let c = 13 - 10. Suppose c*w + 0*w - 69 = 0. Suppose 0*p - w = -3*p + k, 1 = k. Calculate the greatest common divisor of 20 and p.
4
Suppose -4*o = 3*c - 12, 5*o + 3*c = 4*c - 4. Suppose 2*l = l - 3*v + 63, o = -2*v + 6. Calculate the highest common factor of l and 81.
27
Suppose -3*u + 675 = 6*u. What is the greatest common divisor of 15 and u?
15
Let j be (7 + 338/(-4))*(-4)/2. What is the highest common factor of 31 and j?
31
Let l be 87/1 + (-1 - -3). Let w = 23 + l. Calculate the highest common factor of 14 and w.
14
Suppose 3*f + 0*w = -4*w - 2, -3*f = -5*w - 16. What is the highest common factor of f and 14?
2
Let u = 57 + -45. What is the highest common divisor of u and 3?
3
Let l = 13 + -12. Calculate the highest common factor of 3 and l.
1
Suppose 2*t + 4*s + 8 = 0, 4*t - 11 = -s + 1. Calculate the greatest common factor of 4 and t.
4
Let g(j) be the third derivative of -43*j**4/6 - j**3/6 - j**2. Let l be g(-1). Let v = -54 + l. Calculate the highest common factor of 13 and v.
13
Suppose 3*z + 4*d - 3 = 0, -2 = -2*z - 0*z + d. What is the greatest common divisor of 5 and z?
1
Let f = -4 - -5. Let g(a) = -3*a + 2. Let m be g(-2). Calculate the greatest common factor of m and f.
1
Suppose 5*q - 21 = -1. Let h be 106/8 - 1/q. What is the greatest common divisor of h and 52?
13
Let g = 16 + -9. Let w = 3 + 32. What is the highest common divisor of w and g?
7
Suppose -2*l + 0*l = -3*a + 4, 0 = -4*l - 8. Suppose 0 = -a*q - 5*q + 60. Calculate the highest common factor of 12 and q.
12
Let k(c) = -c + 6. Let y be k(-2). What is the greatest common factor of y and 64?
8
Let j(o) = 22*o - 3. Let m be j(3). Let i = 21 - 0. Suppose -5*y + 24 = -i. Calculate the greatest common divisor of m and y.
9
Let s be (-4)/(2 + (-8)/2). Suppose 3*q - 2*b - 65 - 89 = 0, -s*b + 146 = 3*q. Calculate the highest common factor of q and 20.
10
Suppose 80 = 4*o - 3*o. Suppose -o + 25 = -5*m. What is the greatest common factor of m and 11?
11
Let o(u) = -3 - 1 + u**2 + 0*u**2. Let j be o(3). What is the greatest common factor of 35 and j?
5
Suppose 4*j - 2996 = -5*y - 0*j, 4 = -4*j. Suppose -5*c = -0*c - y. Calculate the highest common factor of c and 15.
15
Suppose -3*m = -m + 20. Let q be (-14)/(-8) - m/40. Calculate the highest common factor of 8 and q.
2
Let q = -48 - -61. Calculate the greatest common factor of q and 13.
13
Let s(q) = q**2 + q + 9. Let a be s(-8). Suppose -6*x = -x - a. Calculate the greatest common factor of 117 and x.
13
Suppose 0*n - 5*w = 5*n - 5, 5*w - 9 = -n. Let b be 1/n - (-3 + -1). Suppose -5*x - 5 = 0, -3*x = -s - x + b. Calculate the highest common divisor of s and 11.
1
Let i be 1 + (-4)/((-4)/29). What is the greatest common factor of i and 75?
15
Suppose -1 = n + 3*h, 5*h - 16 - 19 = -5*n. Calculate the highest common factor of n and 121.
11
Suppose -3*i = x - 6, 3 = x - 0*x. Suppose -3*q = -4 + i. Let a(d) = 7*d + 1. Let t be a(q). What is the greatest common divisor of 8 and t?
8
Suppose -t - 4 = -2*t. Let m be t/(-6) + 118/6. Let p(l) = l**2 + 5*l + 5. Let w be p(-7). Calculate the highest common divisor of m and w.
19
Let w = 11 + -6. Let a be 87/(-9) + 2/(-6). Let g be -5*(14/a + 1). What is the highest common factor of w and g?
1
Let s = 7 + -4. Suppose -4*i + i - 30 = -3*y, s*i = -4*y - 37. Let c = 24 + i. What is the greatest common factor of 39 and c?
13
Suppose -i = -15*i + 252. Let u(s) = s + 5. Let k be u(-5). Suppose -p + 4 - 2 = k. Calculate the greatest common factor of p and i.
2
Suppose -b + 80 = 3*b. Let p = 7 + -2. Suppose -v - 40 = -p*v. Calculate the highest common factor of b and v.
10
Let c = -187 + 306. Let p = 176 - c. What is the highest common divisor of p and 19?
19
Suppose j = -0*j + 219. Let y = j - 81. Let t = y + -94. Calculate the greatest common factor of t and 4.
4
Let c = 37 - 4. What is the greatest common factor of c and 3?
3
Suppose f + 8 = 25. What is the highest common divisor of 51 and f?
17
Let h(p) = p**3 + 5*p**2 - 9*p - 6. Let d be h(-6). What is the highest common factor of d and 132?
12
Let f(u) = u**2 - 7*u + 7. Let g be f(7). Calculate the highest common divisor of g and 56.
7
Let k(i) = i**3 + 6*i**2 + 5. Let p be k(-6). Suppose -12 - 18 = -p*f. What is the greatest common factor of f and 24?
6
Suppose -y - 2*s = -2, 0 = -2*s + 5*s - 3. Let r(l) = l**2 + l + 13. Let a be r(y). What is the greatest common factor of 91 and a?
13
Suppose 0*v = -3*j - v + 40, -15 = 3*v. What is the highest common factor of j and 165?
15
Let p(h) be the third derivative of 7*h**4/12 - 2*h**3/3 + h**2. Let u be p(6). Calculate the highest common divisor of 20 and u.
20
Suppose 0 = 4*v + 4*m - 532, -v + 6*v = 5*m + 655. What is the highest common factor of v and 12?
12
Suppose 5*q - 17*q = -156. What is the highest common divisor of 91 and q?
13
Suppose 2*g - 10 = -4*z, 2*g - 4*z - 2 = -0*g. Suppose -2*k - 409 = -4*c - 99, -3 = -g*k. What is the highest common factor of 13 and c?
13
Suppose -5*l = -3*y - 194 - 732, -5*l + 928 = -4*y. Calculate the highest common divisor of 23 and l.
23
Let y = -2 + 7. Suppose -5*p = 2*q - 24, y*q - 26 = -3*p - p. Let h(g) = g**2 + 2*g - 20. Let n be h(-6). Calculate the greatest common factor of p and n.
4
Suppose 47 = 2*c + 7. Let a be ((-4)/6)/((-2)/(-3)). Let d be 0 - (-1)/(a/(-4)). What is the greatest common divisor of d and c?
4
Suppose 4*g - 798 = -70. What is the greatest common divisor of g and 26?
26
Suppose 0 = x + 2*b - 46, -2*b + 7 = -x + 45. Let v(z) = -z + 1. Let d be v(-1). Let w = d - -12. What is the highest common divisor of x and w?
14
Let j = -3 - -9. What is the highest common factor of j and 4?
2
Suppose 233 = 5*w + 53. Suppose 38 - 11 = 3*t. Calculate the highest common factor of t and w.
9
Suppose z + 45 = 2*h, -z + 108 = 5*h - 5*z. What is the highest common factor of 8 and h?
8
Suppose o = -0*o + 11. Let v(g) = -g + 4. Let h be v(3). Let r be 24 + (h + 1)*-1. What is the greatest common factor of o and r?
11
Suppose 4*g + 2*s - 3 = -g, 2*g - 3 = s. What is the highest common divisor of g and 1?
1
Let y(x) = -x**3 + 3*x**2 + 2*x + 1. Let f be (-3 - -6)*(-1)/(-1). Let a be y(f). What is the greatest common factor of 77 and a?
7
Let w be -1 + -2 - (-4 - (3 + 0)). Calculate the greatest common divisor of 32 and w.
4
Suppose 7 = -q + 3. Let b be 60/5*(-14)/q. What is the highest common factor of b and 6?
6
Suppose 0 = 3*v + v. Let y = 5 - v. Let b(z) = 11*z + 2. Let w be b(3). Calculate the highest common factor of w and y.
5
Suppose 0 = -z + 9*z - 1768. What is the greatest common divisor of 17 and z?
17
Let r be 6/(-4)*(-32)/(-6). Let m be r/24 - (-25)/3. Calculate the highest common divisor of m and 8.
8
Suppose -25 + 5 = 4*y. Let g be 1/(10/(-44))*y. What is the greatest common factor of 198 and g?
22
Let s = -1 + 3. Let a be (0/(-2))/(3 + -1). Suppose 5*n = -q + 2, n + a*n - 4*q = 13. Calculate the greatest common factor of s and n.
1
Let h(o) = 4*o**2 + 2*o + 6. Let f be h(4). What is the highest common factor of 26 and f?
26
Suppose 44 = 7*l - 5*l. Let g be 1410/8 + 1/(-4). Calculate the greatest common divisor of l and g.
22
Let w(q) = q**2 - q - 8 + 7*q**2 + 14. Let m be w(-3). Calculate the highest common divisor of m and 9.
9
Let x(h) = -2*h**2 - 22*h - 21. Let y be x(-9). What is the greatest common factor of 15 and y?
15
Let m(w) = -33*w - 3. Let z be m(-2). What is the greatest common factor of 9 and z?
9
Let p be -6 - -3 - 1*-103. Suppose -p = -2*j - 0*j. Let b = j - 34. Calculate the greatest common divisor of b and 4.
4
Let s be 52/8 - 2/(-4). Let r(q) = 34*q - 5. Let x(w) = 17*w - 3. Let d(c) = -6*r(c) + 13*x(c). Let z be d(s). What is the highest common factor of z and 10?
10
Let q = -138 + -77. Let z = -135 - q. What is the greatest common divisor of 10 and z?
10
Suppose 4*y + 60 = 4*l, 2*y + 2*y + 5 = -l. Suppose -5*v - 3*t + 370 = -0*t, -5*t = 5*v - 360. Calculate the greatest co